uppose 47*i - m*i = -880. Let g(o) = 2*o + 8. Let u be g(7). Calculate the greatest common divisor of u and i.
22
Let q = 15 - -14. Let i(f) = f**3 - 29*f**2 + f + 7. Let z be i(q). Calculate the greatest common divisor of 12 and z.
12
Let d = 14629 - 13112. What is the highest common divisor of d and 205?
41
Let g be (-20670)/(-371) + 4/14. Calculate the highest common factor of g and 144.
8
Suppose 6*b = 5*k + b - 1600, 5*b = -5*k + 1590. Let x be 16/6*11*15/20. Suppose -118*z + 116*z = -x. Calculate the greatest common factor of k and z.
11
Suppose 5*h - 3*b = 4, 8*h = 3*h - 4*b - 17. Let d be (h - 1)/(((-12)/112)/3). Let m be (d/(-60)*-6)/(3/15). What is the highest common factor of 14 and m?
14
Suppose -5*b + 397 = -16*t + 20*t, 2*t - 160 = -2*b. What is the greatest common factor of 352 and b?
11
Let m be (76/20)/(4/260). Let c = m + -241. Let p be 3/(9/6)*1. Calculate the greatest common divisor of c and p.
2
Let i(b) = -2*b**3 + 4*b + 6. Let h be i(-3). Let r = h - 43. Suppose 0*q + 5*k = -2*q + 40, k + 100 = r*q. What is the greatest common divisor of q and 15?
5
Let f be (-4)/1 + -6 + 6 - -437. Suppose -6*n + 342 = 3*a - 4*n, -f = -4*a + 5*n. What is the highest common factor of 32 and a?
16
Suppose 7020 = 41*a + 76*a. What is the highest common divisor of 192 and a?
12
Let x be (2035/111)/(0 - 2/6). Let k = 58 + x. Suppose 5*j = -4*l - 0 + 21, -5*j = 5*l - 25. Calculate the highest common factor of j and k.
1
Let r be 8/52 - ((-720)/78)/5. Let o be (-35 - -4)*((0 - r) + 1). What is the highest common divisor of 93 and o?
31
Let c = -37 + 144. Let n = c - -19. What is the highest common factor of 14 and n?
14
Suppose -2*i + 50 = -148. Let c = -114 - -103. Let b(q) = q**3 + 12*q**2 + 9*q - 13. Let y be b(c). What is the highest common factor of y and i?
9
Let i(y) = -y**2 + 359*y - 7770. Let c be i(24). Calculate the greatest common divisor of c and 6930.
90
Let y = -27977 - -29727. Calculate the greatest common factor of y and 1125.
125
Suppose -15 + 65 = -5*d. Let y = 19 + d. Let k be (12/(-16)*-12)/((-4)/(-36)). What is the greatest common factor of k and y?
9
Let j be 30/(-4)*(-12 - -6). What is the greatest common factor of 13815 and j?
45
Let q be 13/(-7*6/(-8022)). What is the greatest common divisor of 39 and q?
13
Suppose 3*y = -25*k + 26*k + 1501, 4*k + 504 = y. Calculate the greatest common divisor of 60 and y.
20
Let g = 2571 - 1635. Calculate the greatest common divisor of 1152 and g.
72
Let i = -42 - -86. Let h(l) = 6*l**2 - 463*l + 165. Let z be h(77). Calculate the greatest common divisor of z and i.
44
Let b(k) = 5*k**2 - 20*k + 66. Suppose 14*i + 18 = 16*i. Let r be b(i). What is the greatest common divisor of r and 194?
97
Let x(l) = 330*l - 1608. Let j be x(14). Calculate the greatest common divisor of 12 and j.
12
Suppose 3*i - 69 = -h, -5*h - 8*i = -6*i - 241. Suppose -3*m = -1191 + 246. Calculate the highest common divisor of h and m.
45
Let i be ((-4005)/(-3))/5*(-40)/(-30). Calculate the highest common divisor of 623 and i.
89
Suppose 19 = 3*g - 4*m, 3*g + 2*g = 3*m + 39. Suppose -g*b + 117 = 27. What is the highest common factor of b and 4?
2
Suppose 11*f = -3*v + 10*f + 609, 0 = f. What is the highest common divisor of 154 and v?
7
Let s(u) = u**2 - u + 5. Suppose -5*b + 28 = -f, 2*f - 28 + 6 = -3*b. Let p be s(b). Calculate the highest common divisor of p and 105.
35
Suppose 9*v = 5*v + 160. Let b be (-2)/((-12)/(-9))*v/(-6). Calculate the highest common divisor of 70 and b.
10
Let y be 2/(2*(-2)/(-8)). Let i(r) = -126*r**2 - 39*r - 78. Let x be i(-2). Let o = x + 540. Calculate the greatest common factor of y and o.
4
Let i = 1813 - 7. What is the highest common divisor of i and 28?
14
Let a be (6678/(-1590))/((-1)/5). Calculate the highest common factor of a and 161.
7
Suppose -x + 5 - 1 = 0, 4*x = 3*j + 22. Let t be (-6 - -5) + (-10)/j. Suppose -2*c - 4*f + 2 = -2*f, -c = 4*f + 8. What is the highest common factor of t and c?
4
Let q be 3/(-30) - (6745431/(-210) - -20). Calculate the greatest common divisor of q and 47.
47
Suppose 4*c = 3*m - 154, -m - 4*m = -3*c - 110. Let t = c - -45. Let l = 11 - t. Calculate the highest common divisor of 9 and l.
3
Let l(t) = 146*t + 654. Let f be l(-3). Calculate the greatest common factor of 96 and f.
24
Suppose 2*a - 134 = -5*k - 50, 0 = 3*a + k - 152. Suppose p + 5 = 9. What is the greatest common divisor of a and p?
4
Let g = -66 + 68. Let b(a) = 2*a + 0 + a + 5 - g + a**2. Let k be b(5). Calculate the highest common factor of k and 344.
43
Suppose 0 = -58*w - 1047 + 5049. Calculate the highest common divisor of 184 and w.
23
Let l(i) be the second derivative of i**3 + 253*i**2/2 - 131*i. Let n be l(-37). What is the greatest common factor of 589 and n?
31
Let j be (-3686)/(-82) - (-10)/205. Calculate the greatest common factor of j and 355.
5
Suppose -136*w + 260028 + 121860 = 0. What is the highest common divisor of w and 4104?
216
Let h be ((-5966352)/(-124))/4 - (-184)/2852. Calculate the greatest common factor of 46 and h.
23
Let q be (-4)/(-18) + 194/18. Suppose 3*b - 2*f - 307 = 0, -8*b - 3*f - 303 = -11*b. Suppose b = 6*o - 357. Calculate the greatest common factor of q and o.
11
Let r(g) = 2934*g - 1450. Let x be r(7). Calculate the highest common factor of 16 and x.
16
Suppose -5*x + 234 = -96. Let i(f) = -230*f**3 + 3*f**2 - 12*f - 14. Let h be i(-1). Calculate the highest common factor of x and h.
33
Let o = 4071 + -3161. Calculate the highest common factor of o and 280.
70
Suppose 2*n + 30 = -j, -3*n = 2*n + 25. Let v = j - -13. Let t be (v - 17)/((-3)/10). Calculate the greatest common factor of 10 and t.
10
Suppose 249*m - 3753 = 26376. What is the greatest common factor of m and 27467?
121
Let l = 26 + -35. Let d = -29 - l. Let u be (-35)/(-2) + 10/d. What is the greatest common divisor of u and 187?
17
Let g = -7199 + 7569. Calculate the highest common divisor of 50 and g.
10
Let l(b) = -136*b + 864. Let t be l(3). Calculate the greatest common factor of 312 and t.
24
Suppose 146*k = 152*k - 24. Suppose 0 = -3*y - 0*r - r + 598, k*r = -4*y + 792. What is the highest common factor of y and 40?
40
Suppose -108264 = -217*l + 178*l. What is the greatest common divisor of 8 and l?
8
Suppose 424*n - 232*n + 1624 = 220*n. What is the greatest common factor of 7 and n?
1
Let h = -4614 - -4759. Calculate the highest common divisor of 115 and h.
5
Let l(d) = 15*d + 15 + 9 - 9. Let h be l(4). Let m be h*(-2 - (-39)/15). What is the greatest common factor of m and 15?
15
Suppose -22*n - 68292 = -293*n. What is the greatest common factor of 9198 and n?
126
Suppose -14*o - 56 = -21*o. Suppose -63 = -o*s - s. Let x = 16 + -9. Calculate the highest common divisor of s and x.
7
Let m be (9/(-2))/((-30)/20). Suppose 0 = 3*v + 3*o - 66, 0*o = -m*v + 5*o + 50. Let r = -27 - -47. What is the greatest common divisor of r and v?
20
Suppose -183750 = 1181*u - 1256*u. What is the highest common divisor of 30 and u?
10
Let x = 12836 + -11791. Calculate the highest common divisor of x and 1595.
55
Let t(r) = r**3 + 21*r**2 - 3*r - 38. Let l = 86 + -107. Let q be t(l). What is the highest common factor of q and 325?
25
Let z(s) = -292*s + 2046. Let c be z(7). Calculate the highest common divisor of c and 2994.
2
Suppose 4 = 3*a - 5*d, 3*a + 2*a = -d + 16. Suppose -5*q = a*q - 32. What is the highest common divisor of q and 16?
4
Suppose 2*q - 162 = -4*m, -7*q = 4*m - 9*q - 150. Suppose -j - 2*j - 2*t + 809 = 0, 5*j + t = 1360. What is the greatest common divisor of j and m?
39
Let p = -305 + 604. Let k = -298 + p. Calculate the highest common factor of 27 and k.
1
Let z = 15 + 2. Let p be (164/(-8))/(224/(-7616)). Calculate the greatest common factor of p and z.
17
Let l(x) = 508*x**2 + 70*x + 69. Let n be l(-1). Calculate the highest common factor of n and 3211.
169
Let q = 4135 + -4051. What is the highest common factor of q and 5502?
42
Suppose 2*k + 16 = 3*w + 790, -2*k - 4*w = -760. What is the highest common factor of k and 396?
12
Let u be (-92)/(0 - (-1)/(-2)). Let n = 412 + -416. Let b be 4004/176 + (-1)/n. Calculate the highest common factor of u and b.
23
Let p(v) be the first derivative of v**3/3 + 59*v + 136. Let f be p(-20). What is the greatest common d